re the prime factors of o(0)?
2, 5, 41
Let c(h) = 7*h - 2. Let p be c(1). Let g be (0 - -1) + (4 - 0). Suppose -3*s + 56 = g*y, 0*y - p*y + 62 = s. List the prime factors of y.
13
Suppose 2314 = 3*j - 1259. What are the prime factors of j?
3, 397
Let p(l) = 34*l - 31. List the prime factors of p(14).
5, 89
Suppose 0*m = 2*m + 2*q - 36, m + 3*q = 24. Let c = -11 + m. Suppose -y - 39 = -c*y. What are the prime factors of y?
13
Let r = 31 - 35. Let n(q) = q**3 + 4*q**2 - 6*q - 6. Let h be n(-5). List the prime factors of (h - r/12)*-78.
2, 13
Suppose 5*y = 3*y - 6. Let j be ((-52)/12 - -3)*y. Suppose -k = -3*v + 55, -2*k + 56 = j*v + k. List the prime factors of v.
17
Let f(g) be the third derivative of 3*g**2 + 5/6*g**3 + 0*g + 0 - 1/24*g**4. What are the prime factors of f(-4)?
3
Suppose -1537 - 619 = -14*d. List the prime factors of d.
2, 7, 11
Let r be (498/(-9))/((-7)/21). Let s = r + -104. List the prime factors of s.
2, 31
Suppose 3*k = -3*t + 5*t - 607, 4*t - 1203 = -5*k. Let r = -203 + t. List the prime factors of r.
3, 11
Let k be (-13 - 3)/4*(-2 + 0). Let p be -9*(-1 + 2)/(-1). What are the prime factors of 6/k*(p + 3)?
3
Let f be 9 + (3 + -11)/(-2). Let t = f - 15. List the prime factors of t/8 + 273/4.
2, 17
Let i = -7 - -10. Let m be i/2 - 315/(-10). Let y = 72 - m. What are the prime factors of y?
3, 13
Let k(i) = 140*i**2 + 17*i + 97. List the prime factors of k(-4).
2269
Suppose -3 = -9*t + 8*t. Suppose -2*o = -5*k - 195, -o + 59 = -t*k - 41. Suppose -3*i - f = -38, 4*i - o = f - 25. List the prime factors of i.
2, 7
Suppose -2*r + 42 + 12 = 0. Suppose -r = -k - 3*f - f, -3*f + 22 = k. Suppose -u + 76 = k. What are the prime factors of u?
3, 23
What are the prime factors of (-70 + 5)*2*6/(-2)?
2, 3, 5, 13
Let b = 45 + -72. Let u = 5 + -2. List the prime factors of (24/9 - u)*b.
3
Let g be 2/(-8) + 3 + 54/(-8). What are the prime factors of 305*g/(-16) - (-2)/(-8)?
2, 19
Suppose -5 = 5*n + 5*q, n + 23 = -n + 5*q. List the prime factors of (-2)/8*n*139.
139
Let l(h) = 2292*h - 84. List the prime factors of l(2).
2, 3, 5
Suppose -2*f + 546 = 5*f. Suppose 0*y = y - f. What are the prime factors of y?
2, 3, 13
Let w(v) = 6*v - 35. Suppose 54 = 3*o + 12. List the prime factors of w(o).
7
Let q = 0 + -4. Let y be (-362)/q - (-3)/(-2). Suppose -3*u + y = 26. What are the prime factors of u?
3, 7
Let s(w) = w**3 + 14*w**2 + 10*w - 28. Let n be s(-13). Suppose 777 = n*i + 194. What are the prime factors of i?
53
Suppose v - 62 = 2*w - 7*w, 3*w - 5*v = 26. Let h be (-1)/6 - 802/w. Let b = -44 - h. List the prime factors of b.
23
Let i(v) = 21*v - 2. Suppose -3*f - b - 3*b = -13, -15 = -4*f - 3*b. Suppose 0 = -f*s + 2*t + 1, -3*t + 1 = 5*s - 7*t. What are the prime factors of i(s)?
19
Let z(d) = 173*d - 6. List the prime factors of z(4).
2, 7
Suppose -5376 = -5*d + 2*w, d + 11*w = 16*w + 1089. List the prime factors of d.
2, 3, 179
Let p = -2770 + 8563. List the prime factors of p.
3, 1931
Let g(w) = 684*w + 780. List the prime factors of g(5).
2, 3, 5, 7
Let u(z) be the second derivative of -z**4/12 + z**3/6 - 2*z. Let i be u(1). Suppose 5*k - 91 = y, -3*y + i*y = 4*k - 69. List the prime factors of k.
2, 3
Suppose -13*h + 219 = -16*h. Let w = 165 + h. List the prime factors of w.
2, 23
Let i(q) be the second derivative of 2*q**3/3 + 8*q**2 - 12*q. What are the prime factors of i(7)?
2, 11
List the prime factors of (-2 - -6)/(3 + -5) + 330.
2, 41
Let m(k) = -3*k + 1. Let f be m(2). Let v = f + -1. Let w(q) = -5*q. What are the prime factors of w(v)?
2, 3, 5
Suppose -z + 2*a = -70, -a - 252 = -3*z - 37. Let v = -11 + z. What are the prime factors of v?
61
Let l(j) = 5*j**2 - 3*j. Let d(i) = i**3 + 9*i**2 - i - 6. Let s be d(-9). Suppose -x = 3, s*n + 0*x = -x + 9. What are the prime factors of l(n)?
2, 17
Let a(n) = -8*n + 11. Let h(q) = q - 1. Let m(t) = -2*a(t) - 22*h(t). Let u(f) = f**3 - 2*f**2 - 3*f + 3. Let x be u(1). What are the prime factors of m(x)?
2, 3
List the prime factors of -1169*(657/(-63) - -10).
3, 167
Let r(y) be the first derivative of 12*y**2 - 3*y + 2. Let s be r(3). Suppose 0 = 5*k + 19 - s. List the prime factors of k.
2, 5
Let w be (-7)/3 - 1/(-3). Let x be (-572)/(-16) - w/8. Suppose -12 + x = 3*i. List the prime factors of i.
2
Let i(u) = u**3 + 6*u**2 - 2*u - 7. Let p be i(-6). Let f(h) = h**2 + 11*h - 19. What are the prime factors of f(p)?
61
Let j(y) = -13*y**3 - 29*y**2 + 9*y + 14. What are the prime factors of j(-6)?
2, 431
Suppose 5*l - 152 = 68. Let o = l + 4. List the prime factors of ((-20)/12)/((-2)/o).
2, 5
Suppose 4*k + 1 = 17. Suppose k*o = -4*t + 95 + 185, -4 = 4*t. List the prime factors of o.
71
Suppose 5*i - 533 - 483 = -p, p - 608 = -3*i. List the prime factors of i.
2, 3, 17
Let f(w) = w - 5. Let q be f(7). Suppose -q*l = -0*l - 206. Suppose g - 2*d + 20 = 47, 2*d = 5*g - l. What are the prime factors of g?
19
Let y(t) = t. Suppose 0 = -2*q - 4*v + 32, -6*q + 3*v + 9 = -2*q. Let m be y(q). Suppose 0 = -m*b + 5*b + 32. List the prime factors of b.
2
Let q(c) = -c**2 + 4*c + 2. Let v be q(4). Let b be (-297)/(-63) + v/7. Suppose -f + b + 8 = 0. What are the prime factors of f?
13
Let z be 7 + 3 + -7 + 2. Suppose 77 = 3*w - 5*h, -45 + 152 = z*w - 3*h. Suppose -4*i + 2*t + 40 = i, -w = i + 5*t. What are the prime factors of i?
2, 3
Suppose 3*i = 13 + 68. Suppose -25*t + i*t - 154 = 0. Suppose -t = -5*r + 4*r. What are the prime factors of r?
7, 11
Suppose -2*j - q + 45 = 0, -5*j + 0*j = 5*q - 120. Let b = j + -33. What are the prime factors of 58/4 + 6/b?
2, 7
Suppose 2*y - 4 = -y + 2*r, 0 = -4*y - r + 9. Let i(b) = b + y*b + 4 - b. What are the prime factors of i(7)?
2, 3
Let m = 2621 - 1791. What are the prime factors of m?
2, 5, 83
Suppose -48 = 4*t - 10*t. Suppose 2*v = 4*g - 394, -3*v - 500 = -5*g - t*v. What are the prime factors of g?
3, 11
Suppose -4*k = 5*z - 147, 2*k + 4*z - 43 = 29. List the prime factors of (0 + 5 - 0) + k.
43
Let u(p) = -5*p + 313. What are the prime factors of u(-11)?
2, 23
Let u be (-2 + 5)/((-27)/(-225)). Suppose 0 = -30*f + u*f + 15. List the prime factors of f.
3
What are the prime factors of (-5)/((100/618)/(-10))?
3, 103
Suppose -2961 = 33*m - 42*m. What are the prime factors of m?
7, 47
Suppose -9*d + 100 = -4*d. Let o = d + -14. List the prime factors of (o + -2)*-1 - -33.
29
Suppose -130*f + 127*f + 165 = 0. What are the prime factors of f?
5, 11
Let w be 1*-1 + (-1 - -7) + -5. Suppose w = 6*o - 22 - 1040. What are the prime factors of o?
3, 59
Suppose -43 = -4*v - 5*l - 8, 45 = 4*v - 5*l. Suppose -692 = -4*q - 2*y, 2*q + 5*y - v*y = 358. List the prime factors of q.
2, 3, 29
Suppose 2*v - 4*q - 1 - 15 = 0, -3*v = 5*q - 13. List the prime factors of 2565/38 + v/(-4).
2, 3, 11
Let j(y) = y**3 + 15*y**2 - 11*y - 36. Let h be j(-16). Let z = 17 - h. What are the prime factors of z?
7, 19
Let x = 10 - -6. Let s = x + -13. Let a = 10 - s. List the prime factors of a.
7
Suppose -6 = -f + 4*f. Let y(k) = -k + 2. Let b be y(f). Suppose -l - 1 = -6, -4*v = b*l - 80. What are the prime factors of v?
3, 5
Let r(l) = 85*l + 47. List the prime factors of r(7).
2, 3, 107
Let i = 2302 + -1047. Suppose -5*p - 4*o = -1255, 2*p - 4*o - i = -3*p. What are the prime factors of p?
251
Let i be (180/12)/(6/(-8)). What are the prime factors of (-12)/i - 2241/(-15)?
2, 3, 5
Let z(c) = -13*c - 3. Let d(r) = -26*r - 7. Suppose 0 = -4*h + 5*x - 45, -2*h + 0*h + 15 = 5*x. Let j(w) = h*z(w) + 2*d(w). What are the prime factors of j(2)?
3
Let j = -14 + 10. Let u be (j/6)/(16/24). What are the prime factors of -30*(-5 + 3 - u)?
2, 3, 5
Let z(h) = -h**2 - h - 9. Let i(o) = -2*o**2 - 2*o - 19. Let a(n) = 2*i(n) - 5*z(n). What are the prime factors of a(0)?
7
Suppose 0 = 5*b + 4*q - 63, 0 = 4*b - 2*q - 3*q - 34. Suppose b*c = 1085 + 1104. List the prime factors of c.
199
Let h = -615 + 419. Let x = h - -438. What are the prime factors of x?
2, 11
Let n = -13 + 16. Suppose -3566 = q + n*q - 2*t, -t - 2662 = 3*q. What are the prime factors of (-1)/2 + q/(-14)?
3, 7
Let l(f) = -2*f**3 - 2*f**2 - 3*f. Let k be l(-2). Let q = -18 + k. List the prime factors of (2 + -4)/(q/14).
7
Let k(h) = h**2 + 2*h + 2. Let w be k(-3). Suppose -5*t = 3*n + 2*n - 385, 5 = -w*n. What are the prime factors of 